prime factors of x(-1).
2, 3, 11, 47
Suppose 3*m = 3*s + 669, 5*s - 229 - 416 = -3*m. Suppose -7*d = -7332 + m. List the prime factors of d.
2, 127
What are the prime factors of (-3766 + 11 - 11)/(-1*(2 + -1))?
2, 7, 269
Let a(z) = 38*z + 6. Let h be a(4). Let f = h - 121. List the prime factors of f.
37
Let d = -19 + 25. Let k be d/(12/4 + -1). Suppose -2*a = -k*a + 44. List the prime factors of a.
2, 11
Let i(w) = -w**3 - 22*w**2 + 75. Suppose 11*y + 4*y = -330. List the prime factors of i(y).
3, 5
Let r(o) = 119*o - 180. Let k be r(7). Let i = -257 + k. What are the prime factors of i?
2, 3, 11
Let f = 20 - 17. Suppose 483 = l - x + f*x, 1449 = 3*l + 5*x. Suppose 0 = -4*i + l + 13. What are the prime factors of i?
2, 31
Suppose -2*d + 60*l - 58*l + 37568 = 0, -2*d - 5*l = -37596. What are the prime factors of d?
2, 7, 11, 61
Let v = 44 + -40. Suppose v*y + 135 = 5*m, 4*m - 13 = y + 7. What are the prime factors of -1*2*420/y?
3, 7
Suppose -31*o + 155*o - 1942460 = 0. List the prime factors of o.
5, 13, 241
Let c(x) = -8*x - 548. Let b(o) = 42*o + 2738. Let d(g) = -3*b(g) - 16*c(g). What are the prime factors of d(0)?
2, 277
Suppose -66*d - 13*d + 414567 + 444874 = 0. What are the prime factors of d?
11, 23, 43
Let j(f) = 7679*f - 2474. What are the prime factors of j(9)?
37, 1801
Suppose -4*u = 5*a - 227, 193 - 12 = 4*a + 3*u. Suppose 0*j + 2*j + 4*m = 38, -5*j + 2*m = -35. List the prime factors of a + (1 - j/3).
41
Let p(d) = 2*d**2 - 8*d + 10. Let w be p(2). Let i(j) = -20*j + 7. Let m(l) = -100*l + 36. Let a(r) = -16*i(r) + 3*m(r). What are the prime factors of a(w)?
2, 3
Let a be (-12)/16*23/(-3)*16. Suppose -x - 5*m + a = 25, 2*x - 4*m - 148 = 0. Suppose 0 = -o + x - 2. List the prime factors of o.
2, 5, 7
Let g be 2/4*(6 + 284). Suppose 0 = -4*k - 2 + 10, -10 = -4*l + 3*k. Suppose -2*z = -10, -p - 5*z = l*p - g. What are the prime factors of p?
2, 3
Suppose -2*u - 3*u + v + 30509 = 0, 30517 = 5*u - 3*v. List the prime factors of u.
6101
Let o be 1 - (-5 - -11) - -121. Let a = 960 - o. List the prime factors of a.
2, 211
Let q(c) = -85*c + 29. Let n be q(-4). Let j = 38 + n. What are the prime factors of j?
11, 37
List the prime factors of (-30390)/(102/(-85)*15/9) - 5.
2, 5, 7, 31
Let q(a) = 512*a - 3645. List the prime factors of q(10).
5, 59
Let c be 148 - (-1)/(-1)*(5 - 7). Let q be (-1)/(5/(185/1)). Let g = c + q. List the prime factors of g.
113
Suppose -54*f - 29419 = -v - 52*f, 3*v - f - 88282 = 0. What are the prime factors of v?
29429
Suppose -h - 16 = 40. Let a = h + 61. Suppose 795 = a*j - 2*x + 275, -x = j - 97. List the prime factors of j.
2, 3, 17
Suppose 10*n = 34*n - 96. Suppose q - 1454 = -5*h, -n + 1 = -3*h. What are the prime factors of q?
3, 7, 23
Let v(c) = c**3 - 2*c**2 - 5*c. Let d be v(4). Let s = 496 + -354. Suppose 5*a - s = -d. What are the prime factors of a?
2, 13
Suppose -5*i = 4*m - 27489, 28*i - 27*i + 6879 = m. List the prime factors of m.
2, 3, 191
Let r(w) = 7*w + 6. Let v be r(-6). Let u = 71 + v. Let d = u - -68. What are the prime factors of d?
103
Let h = 9387 + 923. What are the prime factors of h?
2, 5, 1031
What are the prime factors of 1 + -6 - (8 - 63/7 - 8289)?
5, 1657
Suppose 6*u - 423 + 33 = 0. List the prime factors of (78/u)/((-2)/(-595)).
3, 7, 17
Let x = -32128 + 54486. List the prime factors of x.
2, 7, 1597
Let b(z) be the second derivative of z**5/4 - 5*z**4/4 + z**3/6 - 3*z**2 - 11*z. What are the prime factors of b(4)?
2, 3, 13
Let t = 21795 - 10935. List the prime factors of t.
2, 3, 5, 181
Suppose 4*c = 3 - 11, 2*c = -2*v + 64. Suppose 40*j - 1104 = v*j. Suppose -9*n = -212 - j. What are the prime factors of n?
2, 11
Suppose 6*s - 10870 = 9154 + 10288. List the prime factors of s.
2, 3, 421
Let v(k) = -k**2 - 4*k + 30. Let g be v(0). List the prime factors of (g/(-8) - -3)*2800/(-4).
3, 5, 7
Let n = 18399 - 8677. What are the prime factors of n?
2, 4861
Let g = 61 + -42. Suppose -v + 7*w + g = 4*w, 0 = 5*v - 4*w - 62. What are the prime factors of v*8/20 + 10?
2, 7
Let z be 6/10 - 2/(30/(-7401)). Suppose -4*d = 130 - z. Suppose -4*n - 5*x + 485 - d = 0, x + 507 = 5*n. List the prime factors of n.
101
Suppose -1618*s = -1611*s - 153398. List the prime factors of s.
2, 10957
Let j(w) be the third derivative of w**6/60 - w**5/12 + w**4/12 - 3*w**3 - w**2 + 3. List the prime factors of j(9).
3, 13
Suppose 3*f + 18 = 0, 6*s - 36484 + 3256 = f. What are the prime factors of s?
7, 113
Let w = 3 + 2. Suppose 0 = -w*k - 16 - 9, -4*k + 340 = -4*i. Let p = -74 - i. List the prime factors of p.
2
Suppose 4*m = 16, -m = -4*k + 6*k - 34. What are the prime factors of k/3*(-2570)/(-50)?
257
Let z = 463 - -1360. Suppose y = 4*o - z, -o - 63 + 518 = -y. List the prime factors of o.
2, 3, 19
Let o be 5033/(-35) - (-2)/(-10). Let t = -94 + -122. Let a = o - t. What are the prime factors of a?
2, 3
Suppose -19*v + 917 = -v - 1010773. List the prime factors of v.
3, 5, 1249
Let c(i) = 2*i + 13 + 13*i**3 + 10*i**3 + 5*i**2 - 22*i**3 + 3*i**2. Let y be c(-9). Let f = y + 205. List the prime factors of f.
7, 17
Let i(u) = 14*u**2 - 7*u + 10. Let m be i(4). Suppose -j + m = -4*v, -3*j - 2*v = -125 - 549. List the prime factors of ((-48)/(-18))/(-2 + 448/j).
2, 37
Suppose -5*f + 122 - 42 = 0. Suppose f*h - 22*h = 318. Let u = 91 + h. What are the prime factors of u?
2, 19
Suppose 6*z = 8 + 10. Let x be ((-36)/24)/(z/(-4)). Suppose 4*g = -x*f + 174, 4*f - 3*g - 369 = -4*g. What are the prime factors of f?
3, 31
Suppose -4*u + 4*v - 1218 = -u, 4*u - 5*v + 1624 = 0. Suppose 2661 = -22*w - 375. Let z = w - u. What are the prime factors of z?
2, 67
Let t(l) = 293*l + 2366. What are the prime factors of t(5)?
3, 1277
Let b(v) = -2*v**3 + 3*v**2 + 11*v - 4. Let r(n) = -2*n**3 + 4*n**2 + 12*n - 4. Let k(i) = -5*b(i) + 4*r(i). What are the prime factors of k(5)?
2, 61
Suppose 0 = 13*m + 16*m - 2204. Suppose -2*b = -1886 - m. List the prime factors of b.
3, 109
Let v(g) = 11*g - 27. Let u be v(10). Suppose 2*d + u + 188 = j, 5*d = 5. What are the prime factors of j?
3, 7, 13
Let i = 418 - 424. Let o(y) = -75*y + 75. What are the prime factors of o(i)?
3, 5, 7
Suppose -m = 5*u + 187 - 27, 3*u + 3*m = -96. Let f be (-26)/(-8) - 24/u. Suppose 3*k - 264 = -3*y, -299 + 7 = -3*k + f*y. List the prime factors of k.
2, 23
Suppose 3*a = 3*o + 210, -2*a = 2*o - 6*o - 270. Let y = o - -64. List the prime factors of 2/y - 471/(-9)*3.
5, 31
Suppose -s = -3*w - 12536 - 4603, 0 = 5*w + 5. List the prime factors of s.
2, 3, 7, 17
Let h(v) = -125*v - 453. What are the prime factors of h(-55)?
2, 13, 19
Let u(x) = 17*x + 6. Let j be u(6). List the prime factors of 18/j*(-2 + 5)*622.
311
Suppose -10*d - 5944 = -14*d. Suppose 1450 + d = 8*z. List the prime factors of z.
367
Suppose -6881 + 809 = 12*h. Let l = h + 1204. List the prime factors of l.
2, 349
Let v = 0 + 13. Suppose 0 = -6*p + 17 + v. Suppose 3*k - 347 = -p*l + 146, -2*k = -l + 96. List the prime factors of l.
2, 7
Let s(m) be the first derivative of m**3 + 3*m**2 + 5*m - 10. Let t(a) = a**3 + 4*a**2 + a - 1. Let v be t(-3). What are the prime factors of s(v)?
2, 5, 11
Let s = -277 + 307. Suppose -s*n + 6383 = 1253. What are the prime factors of n?
3, 19
Suppose 0 = -4*r + 25 - 5. Suppose -16 = -r*o + 89. Suppose 3*z - 5*w - 237 = -o, -2*z + 149 = -5*w. What are the prime factors of z?
67
Let v = 1961 + -1349. Let d be 2/4*-6 + 11. Suppose h - v = -d*h. List the prime factors of h.
2, 17
Suppose 145233 = -9*p + 42*p. What are the prime factors of p?
3, 163
What are the prime factors of 2/13 + 144036/26?
2, 5, 277
Let v(x) = x**2 + 4*x + 6. Let z be v(-5). Suppose i = -4 + z. What are the prime factors of (-1544)/(-14) - (2/i + 0)?
2, 5, 11
Let r(q) = 25*q + 49. Let z be r(31). Let w = 1818 - z. What are the prime factors of w?
2, 7, 71
What are the prime factors of (-508654)/(-16) + 339/2712?
3, 10597
Suppose 11*k = -18*k. What are the prime factors of 8/4 - (-198 - k)?
2, 5
Let f(t) = -t**2 - 13*t - 38. Let b(l) = -l**3 - 14*l**2 - 23*l + 8. Let x be b(-12). Let k be f(x). What are the prime factors of ((-6)/k)/(2/154*3)?
7, 11
Let t be (-6)/(-15) - 26/65. Suppose -4*l + t*z = -z - 683, -3*l + 521 = z. What are the prime factors of l?
2, 43
Let b = 13859 - 2630. L